{"id":1102,"date":"2025-09-02T23:41:47","date_gmt":"2025-09-02T21:41:47","guid":{"rendered":"https:\/\/awl.moravany.eu\/udalosti\/2025\/prochazka-po-lavickach\/"},"modified":"2025-09-05T09:10:38","modified_gmt":"2025-09-05T07:10:38","slug":"prochazka-po-lavickach","status":"publish","type":"udalost","link":"https:\/\/artweekliberec.cz\/en\/events\/2025\/prochazka-po-lavickach\/","title":{"rendered":"Bench Walk"},"content":{"rendered":"<p data-start=\"53\" data-end=\"663\">Reg\u00adu\u00adlar\u00adly and lov\u00ading\u00adly, I&nbsp;lose myself in the city that is so famil\u00adiar to me. Reg\u00adu\u00adlar\u00adly and lov\u00ading\u00adly, I&nbsp;also find myself again in that very same city. Along the way, I&nbsp;dis\u00adcov\u00ader dif\u00adfer\u00adent things, dif\u00adfer\u00adent places, and rea\u00adsons to linger in them. We come to know Liberec through its places of pause, dwelling, and sit\u00adting. Like a&nbsp;Hra\u00adbal read\u00ader savor\u00ading a&nbsp;word in the mouth like a&nbsp;piece of can\u00addy, I&nbsp;rel\u00adish sink\u00ading into the phys\u00adi\u00adcal\u00adi\u00adty of the city\u2014when I&nbsp;slip into its back\u00adground and become part of the scenery that sur\u00adrounds us. Even a&nbsp;bench can be an event, espe\u00adcial\u00adly when noth\u00ading at all is hap\u00adpen\u00ading on&nbsp;it.<\/p>\n<p data-start=\"665\" data-end=\"749\">As part of the exhi\u00adbi\u00adtion <em data-start=\"691\" data-end=\"707\">M\u00eds\u00adta odpo\u010dinku<\/em> by Karol\u00ed\u00adna Sedl\u00e1\u010dkov\u00e1 at Moon Gallery.<\/p>\n<p><span style=\"font-weight: 400;\"><\/span><\/p>\n","protected":false},"excerpt":{"rendered":"Reg\u00adu\u00adlar\u00adly and lov\u00ading\u00adly, I&nbsp;lose myself in the city that is so famil\u00adiar to me. Reg\u00adu\u00adlar\u00adly and lov\u00ading\u00adly, I&nbsp;also find myself again in that very same city. Along the way, I&nbsp;dis\u00adcov\u00ader dif\u00adfer\u00adent things, dif\u00adfer\u00adent places, and rea\u00adsons to linger in them. We come to know Liberec through its places of pause, dwelling, and sit\u00adting. Like a&nbsp;Hrabal&nbsp;[\u2026]","protected":false},"author":4,"featured_media":1052,"parent":0,"menu_order":12,"template":"","meta":{"_acf_changed":false,"wp_typography_post_enhancements_disabled":false,"footnotes":""},"kategorie":[12,21],"class_list":["post-1102","udalost","type-udalost","status-publish","has-post-thumbnail","hentry","kategorie-accompanying-program","kategorie-guided-tour"],"acf":[],"_links":{"self":[{"href":"https:\/\/artweekliberec.cz\/en\/wp-json\/wp\/v2\/udalost\/1102","targetHints":{"allow":["GET"]}}],"collection":[{"href":"https:\/\/artweekliberec.cz\/en\/wp-json\/wp\/v2\/udalost"}],"about":[{"href":"https:\/\/artweekliberec.cz\/en\/wp-json\/wp\/v2\/types\/udalost"}],"author":[{"embeddable":true,"href":"https:\/\/artweekliberec.cz\/en\/wp-json\/wp\/v2\/users\/4"}],"version-history":[{"count":3,"href":"https:\/\/artweekliberec.cz\/en\/wp-json\/wp\/v2\/udalost\/1102\/revisions"}],"predecessor-version":[{"id":1224,"href":"https:\/\/artweekliberec.cz\/en\/wp-json\/wp\/v2\/udalost\/1102\/revisions\/1224"}],"wp:featuredmedia":[{"embeddable":true,"href":"https:\/\/artweekliberec.cz\/en\/wp-json\/wp\/v2\/media\/1052"}],"wp:attachment":[{"href":"https:\/\/artweekliberec.cz\/en\/wp-json\/wp\/v2\/media?parent=1102"}],"wp:term":[{"taxonomy":"kategorie","embeddable":true,"href":"https:\/\/artweekliberec.cz\/en\/wp-json\/wp\/v2\/kategorie?post=1102"}],"curies":[{"name":"wp","href":"https:\/\/api.w.org\/{rel}","templated":true}]}}

<p data-start="53" data-end="663">Reg­u­lar­ly and lov­ing­ly, I&nbsp;lose myself in the city that is so famil­iar to me. Reg­u­lar­ly and lov­ing­ly, I&nbsp;also find myself again in that very same city. Along the way, I&nbsp;dis­cov­er dif­fer­ent things, dif­fer­ent places, and rea­sons to linger in them. We come to know Liberec through its places of pause, dwelling, and sit­ting. Like a&nbsp;Hra­bal read­er savor­ing a&nbsp;word in the mouth like a&nbsp;piece of can­dy, I&nbsp;rel­ish sink­ing into the phys­i­cal­i­ty of the city—when I&nbsp;slip into its back­ground and become part of the scenery that sur­rounds us. Even a&nbsp;bench can be an event, espe­cial­ly when noth­ing at all is hap­pen­ing on&nbsp;it.</p>
<p data-start="665" data-end="749">As part of the exhi­bi­tion <em data-start="691" data-end="707">Mís­ta odpočinku</em> by Karolí­na Sedláčková at Moon Gallery.</p>
<p><span style="font-weight: 400;"></span></p>
