{"id":1343,"date":"2024-08-12T18:13:46","date_gmt":"2024-08-12T16:13:46","guid":{"rendered":"https:\/\/artweekliberec.cz\/udalosti\/2024\/anna-habanova\/"},"modified":"2025-09-08T14:13:45","modified_gmt":"2025-09-08T12:13:45","slug":"anna-habanova","status":"publish","type":"udalost","link":"https:\/\/artweekliberec.cz\/en\/events\/2024\/anna-habanova\/","title":{"rendered":"Anna Hab\u00e1nov\u00e1"},"content":{"rendered":"<p>Anna Hab\u00e1nov\u00e1 je v\u00fdz\u00adnam\u00adn\u00e1 his\u00adtori\u010d\u00adka um\u011bn\u00ed, v&nbsp;letech 2002 a\u017e 2021 p\u016fso\u00adbi\u00adla jako kur\u00e1\u00adtor\u00adka sb\u00edrek a&nbsp;v\u00fds\u00adtav v&nbsp;Oblast\u00adn\u00ed galerii v&nbsp;Liber\u00adci. V&nbsp;sou\u010das\u00adn\u00e9 dob\u011b je odbornou asis\u00adten\u00adtk\u00adou na Kat\u00aded\u0159e his\u00adto\u00adrie Tech\u00adnick\u00e9 uni\u00adverz\u00adi\u00adty v&nbsp;Liber\u00adci a&nbsp;kur\u00e1\u00adtor\u00adka v\u00fds\u00adtav v&nbsp;NisaFac\u00adto\u00adry v&nbsp;Jablon\u00adci nad Nisou. V\u011bnu\u00adje se p\u0159ede\u00adv\u0161\u00edm t\u00e9matu n\u011bmecky hov\u00ado\u0159\u00edc\u00edch um\u011bl\u00adc\u016f z&nbsp;\u010cech, Moravy a&nbsp;Slezs\u00adka. Spole\u010dn\u011b s&nbsp;Ivo Hab\u00e1nem a&nbsp;Hele\u00adnou Musilovou real\u00adi\u00adzo\u00advali jedine\u010dn\u00fd v\u00fds\u00adtavn\u00ed pro\u00adjekt Nov\u00e9 real\u00adis\u00admy (Galerie hlavn\u00edho m\u011bs\u00adta Prahy 27. 3.\u201325. 8. 2024). \u00dapln\u011b poprv\u00e9 vedle sebe postavili nejen real\u00adi\u00adstick\u00e9 mal\u00adby a&nbsp;fotografie, ale i&nbsp;film, sochy a&nbsp;rekla\u00admu z&nbsp;meziv\u00e1le\u010dn\u00e9ho \u010ceskosloven\u00ads\u00adka a&nbsp;p\u0159ed\u00adstavili nov\u00fd pohled na toto obdob\u00ed.<\/p>\n<p>Prvn\u00ed v\u00fds\u00adta\u00adva v\u00fdt\u00advarn\u00e9ho um\u011bn\u00ed se v&nbsp;Liber\u00adci kon\u00adala v&nbsp;roce 1841. Jej\u00edm smyslem bylo \u201efor\u00admov\u00e1n\u00ed vkusu a&nbsp;povz\u00adne\u00adsen\u00ed um\u011bleck\u00ad\u00e9ho c\u00edt\u011bn\u00ed v&nbsp;t\u00e9to zde dopo\u00adsud m\u00e1lo zn\u00e1m\u00e9 oblasti.\u201c Vys\u00adtaveno bylo 178 d\u011bl, mezi kter\u00fd\u00admi bychom na\u0161li ole\u00adje Anton\u00ed\u00adna i&nbsp;Jose\u00adfa M\u00e1nesov\u00fdch, Bed\u0159icha Augus\u00adta Piepen\u00adhage\u00adna, Jose\u00adfa F\u00fchricha nebo Jaco\u00adba Ginzela. K&nbsp;jej\u00edm orga\u00adniz\u00e1\u00adtor\u016fm pat\u0159i\u00adlo tehde\u00adj\u0161\u00ed vzm\u00e1ha\u00adj\u00edc\u00ed se libereck\u00e9 m\u011b\u0161\u0165anst\u00advo. V\u00fds\u00adta\u00adva pod\u00e1\u00advala zpr\u00e1vu o&nbsp;for\u00admov\u00e1n\u00ed zde\u00adj\u0161\u00ed spole\u010dnos\u00adti prvn\u00ed poloviny 19. sto\u00adlet\u00ed. P\u0159ed\u00adn\u00e1\u0161\u00adka se zam\u011b\u0159\u00ed na jej\u00ed orga\u00adni\u00adzaci, pr\u016fb\u011bh i&nbsp;dopady a&nbsp;p\u0159ed\u00adstav\u00ed tehdy vys\u00adtaven\u00e1 d\u00edla.<\/p>\n","protected":false},"excerpt":{"rendered":"Anna Hab\u00e1nov\u00e1 je v\u00fdz\u00adnam\u00adn\u00e1 his\u00adtori\u010d\u00adka um\u011bn\u00ed, v&nbsp;letech 2002 a\u017e 2021 p\u016fso\u00adbi\u00adla jako kur\u00e1\u00adtor\u00adka sb\u00edrek a&nbsp;v\u00fds\u00adtav v&nbsp;Oblast\u00adn\u00ed galerii v&nbsp;Liber\u00adci. V&nbsp;sou\u010das\u00adn\u00e9 dob\u011b je odbornou asis\u00adten\u00adtk\u00adou na Kat\u00aded\u0159e his\u00adto\u00adrie Tech\u00adnick\u00e9 uni\u00adverz\u00adi\u00adty v&nbsp;Liber\u00adci a&nbsp;kur\u00e1\u00adtor\u00adka v\u00fds\u00adtav v&nbsp;NisaFac\u00adto\u00adry v&nbsp;Jablon\u00adci nad Nisou. V\u011bnu\u00adje se p\u0159ede\u00adv\u0161\u00edm t\u00e9matu n\u011bmecky hov\u00ado\u0159\u00edc\u00edch um\u011bl\u00adc\u016f z&nbsp;\u010cech, Moravy a&nbsp;Slezs\u00adka. Spole\u010dn\u011b s&nbsp;Ivo Hab\u00e1nem a&nbsp;Hele\u00adnou Musilovou real\u00adi\u00adzo\u00advali jedine\u010dn\u00fd v\u00fds\u00adtavn\u00ed pro\u00adjekt&nbsp;Nov\u00e9&nbsp;[\u2026]","protected":false},"author":1,"featured_media":691,"parent":0,"menu_order":39,"template":"","meta":{"_acf_changed":false,"wp_typography_post_enhancements_disabled":false,"footnotes":""},"kategorie":[14],"class_list":["post-1343","udalost","type-udalost","status-publish","has-post-thumbnail","hentry","kategorie-main-program"],"acf":[],"_links":{"self":[{"href":"https:\/\/artweekliberec.cz\/en\/wp-json\/wp\/v2\/udalost\/1343","targetHints":{"allow":["GET"]}}],"collection":[{"href":"https:\/\/artweekliberec.cz\/en\/wp-json\/wp\/v2\/udalost"}],"about":[{"href":"https:\/\/artweekliberec.cz\/en\/wp-json\/wp\/v2\/types\/udalost"}],"author":[{"embeddable":true,"href":"https:\/\/artweekliberec.cz\/en\/wp-json\/wp\/v2\/users\/1"}],"version-history":[{"count":1,"href":"https:\/\/artweekliberec.cz\/en\/wp-json\/wp\/v2\/udalost\/1343\/revisions"}],"predecessor-version":[{"id":1344,"href":"https:\/\/artweekliberec.cz\/en\/wp-json\/wp\/v2\/udalost\/1343\/revisions\/1344"}],"wp:featuredmedia":[{"embeddable":true,"href":"https:\/\/artweekliberec.cz\/en\/wp-json\/wp\/v2\/media\/691"}],"wp:attachment":[{"href":"https:\/\/artweekliberec.cz\/en\/wp-json\/wp\/v2\/media?parent=1343"}],"wp:term":[{"taxonomy":"kategorie","embeddable":true,"href":"https:\/\/artweekliberec.cz\/en\/wp-json\/wp\/v2\/kategorie?post=1343"}],"curies":[{"name":"wp","href":"https:\/\/api.w.org\/{rel}","templated":true}]}}

Anna Habánová

<p>Anna Habánová je výz­nam­ná his­torič­ka umění, v&nbsp;letech 2002 až 2021 půso­bi­la jako kurá­tor­ka sbírek a&nbsp;výs­tav v&nbsp;Oblast­ní galerii v&nbsp;Liber­ci. V&nbsp;součas­né době je odbornou asis­ten­tk­ou na Kat­edře his­to­rie Tech­nické uni­verz­i­ty v&nbsp;Liber­ci a&nbsp;kurá­tor­ka výs­tav v&nbsp;NisaFac­to­ry v&nbsp;Jablon­ci nad Nisou. Věnu­je se přede­vším tématu německy hov­ořících uměl­ců z&nbsp;Čech, Moravy a&nbsp;Slezs­ka. Společně s&nbsp;Ivo Habánem a&nbsp;Hele­nou Musilovou real­i­zo­vali jedinečný výs­tavní pro­jekt Nové real­is­my (Galerie hlavního měs­ta Prahy 27. 3.–25. 8. 2024). Úplně poprvé vedle sebe postavili nejen real­i­stické mal­by a&nbsp;fotografie, ale i&nbsp;film, sochy a&nbsp;rekla­mu z&nbsp;meziválečného Českosloven­s­ka a&nbsp;před­stavili nový pohled na toto období.</p>
<p>První výs­ta­va výt­varného umění se v&nbsp;Liber­ci kon­ala v&nbsp;roce 1841. Jejím smyslem bylo „for­mování vkusu a&nbsp;povz­ne­sení uměleck­ého cítění v&nbsp;této zde dopo­sud málo známé oblasti.“ Vys­taveno bylo 178 děl, mezi který­mi bychom našli ole­je Antoní­na i&nbsp;Jose­fa Mánesových, Bedřicha Augus­ta Piepen­hage­na, Jose­fa Führicha nebo Jaco­ba Ginzela. K&nbsp;jejím orga­nizá­torům patři­lo tehde­jší vzmáha­jící se liberecké měšťanst­vo. Výs­ta­va podá­vala zprávu o&nbsp;for­mování zde­jší společnos­ti první poloviny 19. sto­letí. Před­náš­ka se zaměří na její orga­ni­zaci, průběh i&nbsp;dopady a&nbsp;před­staví tehdy vys­tavená díla.</p>

Anna Habánová je výz­nam­ná his­torič­ka umění, v&nbsp;letech 2002 až 2021 půso­bi­la jako kurá­tor­ka sbírek a&nbsp;výs­tav v&nbsp;Oblast­ní galerii v&nbsp;Liber­ci. V&nbsp;součas­né době je odbornou asis­ten­tk­ou na Kat­edře his­to­rie Tech­nické uni­verz­i­ty v&nbsp;Liber­ci a&nbsp;kurá­tor­ka výs­tav v&nbsp;NisaFac­to­ry v&nbsp;Jablon­ci nad Nisou. Věnu­je se přede­vším tématu německy hov­ořících uměl­ců z&nbsp;Čech, Moravy a&nbsp;Slezs­ka. Společně s&nbsp;Ivo Habánem a&nbsp;Hele­nou Musilovou real­i­zo­vali jedinečný výs­tavní pro­jekt&nbsp;Nové&nbsp;[…]
