{"id":419,"date":"2024-08-14T17:14:30","date_gmt":"2024-08-14T15:14:30","guid":{"rendered":"https:\/\/artweekliberec.cz\/udalosti\/komentovana-prohlidka-s-kuratorkou-danou-zikmundovou\/"},"modified":"2025-09-08T14:11:27","modified_gmt":"2025-09-08T12:11:27","slug":"komentovana-prohlidka-s-kuratorkou-danou-zikmundovou","status":"publish","type":"udalost","link":"https:\/\/artweekliberec.cz\/en\/events\/2024\/komentovana-prohlidka-s-kuratorkou-danou-zikmundovou\/","title":{"rendered":"Komentovan\u00e1 prohl\u00eddka s&nbsp;kur\u00e1torkou Danou Zikmundovou"},"content":{"rendered":"","protected":false},"excerpt":{"rendered":"","protected":false},"author":1,"featured_media":711,"parent":0,"menu_order":26,"template":"","meta":{"_acf_changed":false,"wp_typography_post_enhancements_disabled":false,"footnotes":""},"kategorie":[12],"class_list":["post-419","udalost","type-udalost","status-publish","has-post-thumbnail","hentry","kategorie-accompanying-program"],"acf":[],"_links":{"self":[{"href":"https:\/\/artweekliberec.cz\/en\/wp-json\/wp\/v2\/udalost\/419","targetHints":{"allow":["GET"]}}],"collection":[{"href":"https:\/\/artweekliberec.cz\/en\/wp-json\/wp\/v2\/udalost"}],"about":[{"href":"https:\/\/artweekliberec.cz\/en\/wp-json\/wp\/v2\/types\/udalost"}],"author":[{"embeddable":true,"href":"https:\/\/artweekliberec.cz\/en\/wp-json\/wp\/v2\/users\/1"}],"version-history":[{"count":2,"href":"https:\/\/artweekliberec.cz\/en\/wp-json\/wp\/v2\/udalost\/419\/revisions"}],"predecessor-version":[{"id":1311,"href":"https:\/\/artweekliberec.cz\/en\/wp-json\/wp\/v2\/udalost\/419\/revisions\/1311"}],"wp:featuredmedia":[{"embeddable":true,"href":"https:\/\/artweekliberec.cz\/en\/wp-json\/wp\/v2\/media\/711"}],"wp:attachment":[{"href":"https:\/\/artweekliberec.cz\/en\/wp-json\/wp\/v2\/media?parent=419"}],"wp:term":[{"taxonomy":"kategorie","embeddable":true,"href":"https:\/\/artweekliberec.cz\/en\/wp-json\/wp\/v2\/kategorie?post=419"}],"curies":[{"name":"wp","href":"https:\/\/api.w.org\/{rel}","templated":true}]}}

Komentovaná prohlídka s&nbsp;kurátorkou Danou Zikmundovou
